(x) = -9*x - 1. Let u(g) = -17*g - 2. Let l(k) = -11*m(k) + 6*u(k). Let w(f) = f - 15. Let v be w(14). List the prime factors of l(v).
2
Suppose -6*w + 10*w = 24. Suppose -78 = -w*q - 18. What are the prime factors of q?
2, 5
Suppose 3*i - 48 = -i. Suppose -3*t - i = -0*t. Let b = t + 6. What are the prime factors of b?
2
Let t be (-5)/(15/(-18)) - 4. Suppose -20 = 5*r, -5*g - t*r + 100 = -7*r. What are the prime factors of g?
2
Suppose 0 = -4*f - 20, -3*l + 203 = -6*f + 2*f. List the prime factors of l.
61
What are the prime factors of 7/(63/1812) - (-12)/18?
2, 101
List the prime factors of (1*-94)/(26/(-13)).
47
List the prime factors of (2 + 14/(-2))*2176/(-170).
2
Suppose 16 = 4*m - 0. Suppose n + 18 = m*n. Let d(i) = i + 6. List the prime factors of d(n).
2, 3
Let r be ((-120)/42)/(4/(-14)). Suppose i = 2*i - r. List the prime factors of i.
2, 5
Let y(x) = x. Let q(j) = 7*j + 3. Let m(k) = -q(k) + 6*y(k). Let c be m(7). Let z = -5 - c. List the prime factors of z.
5
Let r(c) be the second derivative of -c**4/12 + c**2/2 + 3*c. Let q be r(1). Suppose q = -2*x + x + 7. List the prime factors of x.
7
List the prime factors of -8*(3 - 81/12).
2, 3, 5
Let j(d) be the third derivative of d**7/2520 - 7*d**6/720 + d**5/60 - 2*d**2. Let g(r) be the third derivative of j(r). List the prime factors of g(8).
3
Let q(u) = -17*u + 1. Let p be q(1). Let z = p - -31. Suppose -w + 4*w = z. List the prime factors of w.
5
Let l = -2 - -3. Let q(c) = 19*c**3 - c**2 + c - 1. List the prime factors of q(l).
2, 3
Let j = -7 + 10. Suppose -2*f - 11 = j*g, -3*g - g - 5*f = 17. List the prime factors of -9*(0 - g/(-9)).
3
Let i = -252 - -560. List the prime factors of i.
2, 7, 11
Let n(q) = -q**2 + 6*q - 1. Let t be n(3). Suppose j = 4*j - 21. Suppose -j*p + t*p = -w + 5, -5*w = -3*p - 65. What are the prime factors of w?
2, 5
Let w(r) = -r. Let s be w(-5). Suppose 0 = 2*t - 17 + s. List the prime factors of t.
2, 3
Let w be ((-3)/2)/(1/(-18)). What are the prime factors of -3 + 0 - (1 - w)?
23
Suppose -12 + 0 = 2*l. Let y(s) = s**2 + 7*s - 3. Let v be y(l). List the prime factors of (v + 0)*6/(-9).
2, 3
Suppose 0 = 3*c + c - 80. Suppose 0 = q - 3*q. Suppose q = 4*a + 2*s + 10 - 82, 2*a + 5*s = c. List the prime factors of a.
2, 5
Let k(s) = 6*s**3 + s**2 + 3*s - 1. Let b be k(2). Suppose 4*u - 51 = b. What are the prime factors of u?
3
Suppose 5*t - 3*d = 322, -4*t - 2*d + 0*d = -262. List the prime factors of t.
5, 13
Suppose 5 = 3*p - 1. Suppose 0 = -4*s - 4*w + p + 18, -s = -w - 3. Suppose 0 = -s*m + c + 37, m + 52 = 5*m - 4*c. List the prime factors of m.
2
Suppose 5*m + 141 = -69. What are the prime factors of -1 + 2 - m/1?
43
Let l(u) = 5*u**2 - 8. What are the prime factors of l(-4)?
2, 3
Suppose d + 1 = 3. Let t(b) = d*b + 2 + 2 + 2*b**2 - b**3 - 3. What are the prime factors of t(-1)?
2
Suppose 5*f = -13 + 38. Suppose -2*p - 176 = -4*y, -4*p - 35 = f*y - 229. What are the prime factors of y?
2, 3, 7
Suppose -5*z + 950 = 4*n, -21*n + 17*n - 2*z + 956 = 0. List the prime factors of n.
2, 3, 5
Suppose 0 = 2*o - 2*c - 4, -3*c = -3. Suppose 5*q - 32 = 3*b, b + 32 = 4*q - o*b. What are the prime factors of q?
2
Suppose 4*l + 0*z = -4*z + 208, 2*z + 10 = 0. List the prime factors of l.
3, 19
Let x(r) = 4*r**2 + r + 1. Let s be x(-2). Suppose -12 = -m + s. List the prime factors of m.
3
Suppose -8 - 1 = -3*b. Suppose -b*z + 4 + 14 = 0. List the prime factors of z.
2, 3
Suppose 0*y - 7 = -2*j + 3*y, 0 = 4*j - y - 9. What are the prime factors of j?
2
Suppose 3*q - 28 = q. Suppose -14 = 4*d + 2. Let w = q + d. List the prime factors of w.
2, 5
Let t be (24/28)/(1/7). Suppose -3*r - 7*m + 3*m = -20, -5*m = -r - t. List the prime factors of r.
2
Let b = -4 - -6. Suppose -w = -b*w + 28. Suppose w = -y + 5*y. What are the prime factors of y?
7
Let h(a) = a + 5. Let q be h(0). Suppose q*x = -4*o + 39 + 6, 5*o = 5*x. Suppose 50 = 3*d - 2*m, 44 = 4*d - d - o*m. List the prime factors of d.
2, 3
Let p(i) = 5*i**3 + 3*i**2 - 10*i + 10. List the prime factors of p(4).
2, 13
Let p = -11 + -3. Let b be (2*3)/(-3) - p. List the prime factors of (b/(-10))/(3/(-30)).
2, 3
Suppose 5*m - 1 + 6 = -2*b, 5*b = 25. Let j = 13 - m. List the prime factors of j.
2
Let q be (-3 - 2)*2/(-2). Suppose -15 = -4*i + q. List the prime factors of i.
5
Let c(q) be the third derivative of -q**4/12 - q**3 - 9*q**2. Let d = 2 - 6. What are the prime factors of c(d)?
2
Let m(f) = -11*f**3 + 3*f**2 + 5*f + 12. What are the prime factors of m(-3)?
3, 107
Let u(n) = n**3 - 8*n**2 - 10*n + 13. Let y be u(9). Let c(j) = -j**3 + 7*j**2 + j + 1. What are the prime factors of c(y)?
53
Let x be ((-1 + 12)*1)/(-1). Let a = -10 - x. Suppose -2*g + a + 23 = 0. List the prime factors of g.
2, 3
Suppose 0 = -2*w - w + 3, 2 = y - 3*w. What are the prime factors of y?
5
Suppose -4*h + 0 = 4*v + 20, 0 = -2*h + 3*v. Suppose -2*k = k - 18. Let j = k + h. List the prime factors of j.
3
Let l(c) = -56*c - 29. List the prime factors of l(-7).
3, 11
Let j = -11 - -8. Let n = -3 - j. Suppose 4*s - 3 - 13 = n. List the prime factors of s.
2
Let k = -13 + 16. Suppose -162 - k = -5*c. What are the prime factors of c?
3, 11
Suppose l = -l - 5*f + 40, -3*f = 3*l - 42. Suppose 3*q = 8*q - l. List the prime factors of (2 - q - 0) + 8.
2
Suppose 0*j + 3*j = 12. Suppose 3*z - 2 = j, -4*o + 24 = 4*z. Suppose 13 = h + o. List the prime factors of h.
3
Let d(b) = -b**2 - 4*b + 7*b - 1 + 5*b - 2*b. Suppose -14 - 6 = -4*j. What are the prime factors of d(j)?
2
Let a(u) = -u**2 - 12*u - 20. What are the prime factors of a(-7)?
3, 5
What are the prime factors of (-10)/(-6 - -4) - -266?
271
Suppose -53 = -d - 23. List the prime factors of d.
2, 3, 5
List the prime factors of -1*2*(-144)/32.
3
Let u(o) = 9*o - 3. List the prime factors of u(5).
2, 3, 7
Let p = 108 - 65. Let o be (2 - 0 - 3) + p. List the prime factors of (-1)/(1 - o/39).
13
Suppose 2*i - 4*l - 16 = 0, 0 = -2*i + 3*l - 0*l + 13. Suppose 3*h - 65 = -i*h. Suppose 0 = -3*f + h + 17. What are the prime factors of f?
2, 5
Let x be -1*(-15 + -3)/2. List the prime factors of 19 - (-5 - x/(-3)).
3, 7
Let t = 90 + -43. What are the prime factors of t?
47
Let n(b) be the second derivative of b**5/20 + 5*b**4/6 - 11*b**3/6 + b**2 - b. Let v be n(-11). Suppose -v*f + 0 = -34. List the prime factors of f.
17
Suppose -4*v = -2*v - 10. Suppose v*k - 21 = -2*f, 2*f = -k - 8 + 33. Let z = -1 + f. List the prime factors of z.
2, 3
Let g be (-22)/2*(-4 + 2). Let q be 180/(-22) - (-4)/g. List the prime factors of 27/(-6*2/q).
2, 3
Let i be (2/3)/(6/423). Let t = -26 + i. What are the prime factors of t?
3, 7
Let p = -81 + 145. List the prime factors of p.
2
Suppose 0*x - 5*x = k - 121, -k - 119 = -5*x. List the prime factors of x.
2, 3
Let l(c) = 5*c + 8. Let j = 5 + 1. What are the prime factors of l(j)?
2, 19
Suppose -y - 32 = -87. List the prime factors of y.
5, 11
Let h = 19 - -5. Suppose -8*b + 6*b = -h. List the prime factors of b.
2, 3
Suppose 9*l + 43 = 2*g + 4*l, g - 4*l - 17 = 0. What are the prime factors of g?
29
Let s(b) be the first derivative of b**4/4 - 4*b**3/3 + 2*b**2 - 7. What are the prime factors of s(3)?
3
Let b(v) = v**3 + 6*v**2 - 4. Let z be b(-6). Let y(r) = r**3 + 5*r**2 + 3*r. Let h be y(z). List the prime factors of (10/h)/((-2)/(-8)).
2, 5
Let f = 3 - -5. What are the prime factors of f?
2
Suppose 4*n = 1 + 11. Suppose -27 + 3 = -n*d. List the prime factors of d.
2
Suppose -521 = -3*l - 4*w, 481 = 3*l - 0*w - 4*w. What are the prime factors of l?
167
Let l be ((-4)/(-14))/(5/35). Suppose 2*d + 3*h = -6, 3*d + 0*d + 4*h = -9. What are the prime factors of 1 + -3 - l*d?
2
Let c(j) = 7*j**2 - 3*j. Let u be c(-3). Let w be (u/10)/3*480. List the prime factors of w/81 + 4/(-18).
2, 7
Let a(g) = -5*g**3 - 3*g + 15. Let x(t) = -14*t**3 + t**2 - 8*t + 44. Let k(b) = 17*a(b) - 6*x(b). Let u = -17 - -11. List the prime factors of k(u).
3
Let j(m) = 109*m**2 - m + 1. Let v be j(1). Let d = v - 78. List the prime factors of d.
31
Let g = -10 + 23. Suppose 0 = -4*p - 4, -g = -k - 5*p + 2*p. Suppose 3*v + k = 55. What are the prime factors of v?
13
Suppose 0 = -5*m + 5*i - 35, 2*m - 2*i = 4*m + 6. Let z(y) = y**3 + 6*y**2 + 2*y - 4. List the prime factors of z(m).
11
Let a